mmon divisor of 44 and p?
11
Suppose 8 = 5*t - 3*o, o + 4 = 4*t - 2*o. Suppose b - 6 = t. Let d be 50/2*1/1. What is the highest common divisor of d and b?
5
Let n(o) = -3*o**2 - 5*o. Let y be n(-7). Suppose 4*u = -f - 4, -4 = 4*u - 2*f + f. Let b be 2/u + 2 - y. Calculate the greatest common factor of 16 and b.
16
Let s(b) = 88*b**2. Let d be s(1). Let a be (-3)/2 + (-14)/(-4). Suppose z + 4*v = 9 + 15, -a*v = -8. What is the greatest common divisor of d and z?
8
Let g(c) = -3 + 3 - c**2 - 6*c - 3. Let m be g(-4). Suppose 0 = -p + m*p - 56. Calculate the greatest common divisor of 21 and p.
7
Suppose -2*z + 8*n - 3*n + 9 = 0, 0 = 2*z + n - 27. Calculate the greatest common divisor of z and 48.
12
Let x = 1 - -3. Suppose -x*g + 12 = -8. Suppose 36 = -3*d + g*d. What is the greatest common factor of d and 72?
18
Suppose -4*l = -2*l - 10. Let i = l - 1. Calculate the highest common divisor of i and 4.
4
Let h = 24 + -6. What is the highest common divisor of h and 36?
18
Suppose 0 = 2*k - 17 - 15. Let t(b) = 4*b - 4. Let o be t(3). Calculate the highest common divisor of k and o.
8
Suppose 350 = 8*x - 3*x. Suppose 0 = -4*b - 8*b + 168. What is the highest common factor of b and x?
14
Let z = 200 - 186. Calculate the highest common divisor of z and 14.
14
Let z = -47 + 117. Suppose 5*d = 889 - 294. Let c = d - z. What is the greatest common factor of c and 7?
7
Let d = -12 + 21. Let g be (d/4 + -3)*-20. What is the greatest common factor of g and 10?
5
Let p(y) = -3*y + y**2 - 3*y**3 + y + 3*y. Let m be p(-1). Suppose 3*o - 3*t + 33 = 5*o, -o + m*t = -21. Calculate the highest common divisor of o and 72.
18
Let o be 13/13 - (-22)/2. Calculate the highest common divisor of 84 and o.
12
Let z = -7 + 14. Calculate the highest common factor of 14 and z.
7
Suppose z = -g + 89, 2*z - 4*g + 2*g - 190 = 0. Calculate the highest common factor of z and 23.
23
Let a = 62 + -47. What is the greatest common divisor of 135 and a?
15
Let p(x) = x**2 - 2*x - 1. Let q be p(3). Suppose 2 = 2*d - 2*z, z = q - 0. Let f be (3 - 0)*1/3. What is the highest common factor of d and f?
1
Let q(x) = 4*x**2 - 4*x - 3. Let f be q(4). What is the greatest common divisor of f and 30?
15
Suppose 2*z - 178 = -0*z. Suppose 5*k + 215 = 4*t, -2*t + k = -26 - z. Suppose -3*v + 0*v = -36. What is the highest common divisor of v and t?
12
Suppose n + 20 = 5*n. Suppose -5*z + r + 73 = 0, 0*z - 5*r - n = -z. What is the highest common divisor of z and 15?
15
Let s(c) = c. Let b be s(12). What is the highest common factor of b and 36?
12
Let b be ((-4)/24*-4)/(2/78). Calculate the greatest common factor of b and 26.
26
Let j be 8/36 + (-141)/27. Let g be ((-2)/(-1) - 1) + -2. Let m be -22*g/j*-25. Calculate the highest common divisor of m and 10.
10
Suppose 0*h - 142 = -5*m + 4*h, -2*m - 4*h = -68. Suppose 3 = 5*f - 47. Calculate the greatest common factor of m and f.
10
Suppose -4*n + 764 = 236. Calculate the greatest common factor of 12 and n.
12
Let r(f) = 2*f**2 - 2*f - 4. Let k = -4 - -4. Suppose 5*n + 9 - 39 = k. Let y be r(n). Calculate the greatest common factor of y and 14.
14
Let v be 1*(1 + 40 + -1). Let h be (2/(-4))/((-2)/40). What is the highest common divisor of h and v?
10
Let i = 49 + -31. Calculate the greatest common divisor of i and 18.
18
Suppose -5*l + 23 = 148. Let c = l + 35. Calculate the greatest common divisor of 70 and c.
10
Let m(n) be the second derivative of n**3 + 2*n**2 + 2*n. Let k be m(6). Suppose -103 = 12*v - 295. What is the highest common divisor of v and k?
8
Let c(w) = -5*w - 2*w - 3*w**3 + 8*w. Let u be c(-1). Calculate the greatest common divisor of u and 4.
2
Let n(b) = b**3 + 4*b**2 + 5*b + 6. Let l be n(-4). Let u = l + 23. Suppose 5*f = 2*f + 81. Calculate the greatest common divisor of u and f.
9
Let b = 43 - 26. Suppose -3*k - 28 = -4*n + b, 4*n = k + 47. Calculate the greatest common divisor of n and 30.
6
Let q(k) = -3 + 3 + 5*k**3 + 6*k**2 - k - 4*k**3. Let o be q(-6). Calculate the greatest common factor of o and 54.
6
Let n be 1*(2 + -2) + 8. Suppose 0 = 2*r + 2*r + n. Let k be (-8)/(-6)*(-3)/r. What is the greatest common factor of 2 and k?
2
Let k be 2/(-8) - (-177)/4. Let s(h) = h**3 - 16*h**2 + 15*h + 11. Let b be s(15). Calculate the highest common factor of b and k.
11
Let y(w) = -2*w - 1. Let z be y(-4). Suppose -8*v = -z*v - 10. Suppose 5*a = 16 + 9. Calculate the greatest common divisor of a and v.
5
Suppose -325 = -r + 280. Suppose -r + 155 = -5*s. Let m(y) = 3*y**2 + 4*y + 3. Let f be m(-3). Calculate the greatest common divisor of f and s.
18
Suppose -60 = -4*n + 88. Suppose -2*v = 4*q - 34, 7*v = -2*q + 2*v + n. What is the highest common divisor of q and 66?
6
Suppose 0*y + 5*i - 477 = -3*y, -4*y + 625 = 3*i. What is the highest common divisor of 14 and y?
14
Let d(u) = 14 - 2*u + 3*u + u - 3*u. Let x be d(0). Calculate the greatest common divisor of x and 14.
14
Let x(t) = -3*t - 21. Let z be x(-8). Suppose -4*a = -13 - 3. Suppose 19 = 2*b - u, -20 = -a*b - u + z. Calculate the greatest common divisor of b and 7.
7
Let x = -7 - -16. Suppose 0 = 2*g - 36. Let q be (-18)/(2 + g/(-8)). Calculate the highest common divisor of q and x.
9
Suppose 5*u = 3*y - y + 37, 4*u = -3*y + 48. Let j be (11 - -1)/(2/12). Calculate the greatest common divisor of u and j.
9
Let d(k) = -k**3 - 13*k**2 - 11*k + 17. Let l be d(-12). Suppose 4*w - 3 - 1013 = -s, l*w - 4*s = 1249. What is the greatest common divisor of w and 23?
23
Let w be 2/(-6)*(-8 + -1). Suppose 4*l = 3*s + 85 - 23, 3*l - 36 = -w*s. What is the greatest common factor of l and 28?
14
Let r be (-39)/(-3) - (-1 - -1). Let q = 18 - r. Suppose -h - q*f = -3*h + 4, 4*h + f - 30 = 0. What is the greatest common factor of 7 and h?
7
Let i(h) = 13*h - 4. Let d be i(3). Let w = 8 - 1. What is the greatest common factor of d and w?
7
Let u(l) = -5*l**3 - 3*l**2 + 3*l. Let d be u(-3). Suppose -9 = -4*q + d. Let g = 19 + -1. Calculate the highest common factor of q and g.
9
Suppose 2*o = -2*o - 5*k + 139, 4*o + 2*k - 142 = 0. Calculate the greatest common divisor of o and 9.
9
Let q(x) = -5*x**2. Let c be q(-1). Let l = c - -16. Suppose -3*f + 21 = -3*d, -3*f - 3*d + 56 = f. What is the highest common divisor of l and f?
11
Suppose 4*v = 5*d + 45, -4 - 26 = 3*d - 3*v. Let t = d - -10. What is the highest common divisor of 40 and t?
5
Suppose -5*r + 144 = 2*h, r = -4*h - h + 15. What is the highest common divisor of 6 and r?
6
Let w be 1/3*1*9. Suppose w = g - 3. Suppose g*y - 3*y - 3 = 0. Calculate the greatest common divisor of y and 5.
1
Let q(c) = -7*c - 4. Let d be q(-10). Calculate the greatest common factor of d and 6.
6
Let c be (-13)/(-78) - 437/(-6). Let j be c/5 - (-8)/20. Calculate the greatest common factor of j and 30.
15
Let m(f) = -3*f + 6. Let t be m(-10). What is the greatest common divisor of 180 and t?
36
Let h = -55 - -67. Calculate the greatest common divisor of h and 16.
4
Suppose 0*t = -5*t + 10. Suppose -2*r - 9 + 129 = -t*j, -3*j = 3*r - 198. Let m(s) = -5*s - 1. Let q be m(-2). Calculate the greatest common divisor of q and r.
9
Let o = 21 + -13. Suppose 0 = 4*q - 29 - 3. Suppose 4*l - 116 = -3*w, q*l = 3*w + 4*l - 124. Calculate the greatest common divisor of w and o.
8
Suppose -5*p - 3*w - 123 = 0, -w + 15 = -3*p - 70. Let d = -15 - p. Let y(g) = -g + 2. Let t be y(-4). What is the greatest common factor of t and d?
6
Suppose 2 = 4*q - 2. Calculate the greatest common factor of 9 and q.
1
Let g = 15 + -11. What is the highest common factor of 16 and g?
4
Let l(n) = -10*n + 6. Let g be l(-5). Let u(c) = 13*c**3 + c**2 + c - 1. Let o be u(1). What is the highest common factor of o and g?
14
Let m = 6 + 18. Let p(k) = -k**3 + 20*k**2 + 54*k - 4. Let z be p(22). Calculate the highest common factor of m and z.
24
Let j be 2/(-10) + 1/5. Suppose j*s - 4 = -4*s. Let y be s/(-4) + 82/8. What is the highest common factor of y and 5?
5
Let p(b) = -3*b + 7. Let n be p(1). Let f(s) = -30*s - 3. Let w be f(-5). Suppose n*k + 3 - w = 0. Calculate the greatest common factor of k and 18.
18
Let f(o) = -o**3 + 9*o**2 + o + 3. Let z be f(8). Let i = z - 54. Let g = i + -7. Calculate the greatest common divisor of g and 98.
14
Let x be 70/3*108/42. Calculate the highest com